, 0 = 3*b + 2*x - 142. Let v = 70 - b. Suppose 4*z - 2*c - v = 0, 0 = -3*z + 5*c + 31 - 6. What is the units digit of z?
5
Let l(d) = -d - 3. Let f be l(-5). Let s = 10 - 14. What is the units digit of s/f - -13 - 2?
9
Suppose -4*y - 20 = -x, -4*x + 4*y = 6*y - 8. Let l = -2 + x. What is the units digit of l?
2
Let d(g) = -6*g - 1. What is the units digit of d(-4)?
3
Let d = -2 - -6. Let a(o) = 3*o - o + 2 + 1 - 7. What is the units digit of a(d)?
4
Let v(g) = 30*g - 10. What is the hundreds digit of v(4)?
1
Suppose 5*j + 2*o = 62, -4*j - o + 64 = -3*o. What is the units digit of j?
4
Let r = 103 - 34. What is the tens digit of r?
6
Let i(f) = -f**3 + 4*f**2 - 4*f + 2. Let n be i(2). Suppose n*l + 0*l = 62. What is the tens digit of l?
3
Suppose 9*w + 940 = 14*w. What is the hundreds digit of w?
1
Let k(b) = -b**3 + 5*b**2 - 3*b - 2. Let r be k(3). What is the tens digit of ((-91)/4)/r*-4?
1
Let b = -60 + 89. What is the units digit of b?
9
Let b(l) = -l**2 + 9*l + 3. What is the units digit of b(9)?
3
Let g be 2/(-7) + (-51)/(-7). Suppose 71 = 4*c + g. What is the tens digit of c?
1
Let i = -56 - -200. What is the tens digit of i?
4
Suppose 3*h + p + 78 = -3*p, 0 = 2*h - 3*p + 35. Let y = 33 + h. Suppose 5*z - y = -4*u + 18, -3*u = -2*z + 30. What is the units digit of z?
9
Suppose 90*t - 89*t - 218 = 0. What is the hundreds digit of t?
2
Let j be 99/21 + 4/14. Suppose p + 2*p = 2*g + 22, -4*g = j*p - 22. Suppose 2*z - 46 = -3*u, p*z - 2*z = 3*u - 16. What is the tens digit of u?
1
Suppose -14 - 4 = 3*d. Let v(o) = -5*o + 7. What is the units digit of v(d)?
7
Let z(d) = 22*d + 1. What is the units digit of z(4)?
9
Let r(o) be the first derivative of o**2/2 + 8*o + 5. Suppose 5*z - 2 = f + 3, 1 = -5*f + z. What is the units digit of r(f)?
8
Suppose 3 - 13 = -2*y. What is the units digit of y?
5
Let t = -84 - -164. What is the tens digit of t?
8
Let f(s) = -2 + 5 + 0 - 3*s - 2. Let p be f(1). Let j = p - -3. What is the units digit of j?
1
Suppose -4*x + 8*x = 160. What is the tens digit of x?
4
Let z = 62 - -56. What is the hundreds digit of z?
1
Let n be (24/15)/((-2)/(-5)). Suppose -n*p - 10 = -2*s - 2*p, -3*p = -2*s + 5. What is the tens digit of s?
1
Suppose -5*x = -t + 118, -x + 2*t = 5*t + 14. Let r be 6/8 + 612/16. Let o = x + r. What is the units digit of o?
6
Let l be (0/2)/(-3 - -2). Let j = l + -1. What is the units digit of j/3*72/(-3)?
8
Let d(f) = 2*f**2 + f - 10. What is the tens digit of d(3)?
1
Suppose -3*v = -4*h - 0*v + 35, 3*h - 4*v = 35. Let w be 8/h - 4/(-10). What is the units digit of 0 + 3 + w + 0?
5
Let p(k) = 5*k - 4. Let f(h) = 20*h - 15. Let o(z) = -4*z + 3. Let n(x) = -2*f(x) - 11*o(x). Let l(d) = -4*n(d) + 3*p(d). What is the units digit of l(-6)?
6
Let k(l) = -l**2 + 9*l - 6. Let b be k(8). Suppose -c - 5 = -b*c. Suppose -10 = -5*h, 0*m - m + c*h + 2 = 0. What is the units digit of m?
2
Let m = 1 - -198. What is the tens digit of m?
9
Let m(y) = y**2 - 2. Let b = -7 + 8. Suppose -b = -3*n + 8. What is the units digit of m(n)?
7
Suppose 3*b = 3*x - 212 + 38, -5*x = b - 314. What is the tens digit of x?
6
Let w(s) = -s**3 + 5*s**2 - s - 2. What is the units digit of w(2)?
8
Suppose -9*n + 5*n = -16. What is the units digit of n?
4
Let x = 20 + -6. What is the tens digit of x?
1
What is the tens digit of 472/8 - (-1 + 4)?
5
Suppose 0 = 2*i + 3*i - 45. Suppose 0 = v + 2*v - i. Let c(b) = b**3 - 3*b**2 + 4*b - 1. What is the tens digit of c(v)?
1
Let t be (-6)/(-18) + (-34)/(-6). Let a be ((-8)/(-10))/(t/15). What is the units digit of (-10)/(0 + -1) - a?
8
Let x = -16 - -30. What is the units digit of x + 2 + 2 + -4?
4
Let w be (-2)/(4/(-2)) + -9. Let t be (w/24)/(1/3). What is the units digit of 34/((-1)/t - -1)?
7
Suppose 5*f - 45 = -5*w, -2*w - 13 = -5*f + 4. Suppose 2*h = 2*x - 16, -3*x + w*h = 2*h - 19. Suppose x = m - 1. What is the units digit of m?
4
Suppose 48 = 5*g + 2*u + 1, -5*g + 42 = -3*u. Let l(v) = -3*v. Let n be l(-4). Let h = g + n. What is the tens digit of h?
2
Let u(a) = -a**2 - 5*a - 3. Let c be u(-6). Let g = 25 + c. What is the units digit of g?
6
Let f(u) = 2 + 1 - u - 7. Let m be f(-6). What is the units digit of 1/2 - (-5)/m?
3
Let s(q) = -2*q**2 - 8 + q + 3*q**2 - 3*q - 4*q. What is the units digit of s(8)?
8
Let g(v) = 2*v**2. Suppose -w - 2*w - 4*j = -52, 0 = 3*w - j - 47. Suppose 5*i = -2*s + s - 10, 0 = i + 3*s + w. What is the units digit of g(i)?
2
Let k(i) = -i + 2. Let t be k(0). Let j be (-4)/8*1*-6. Suppose -2*g + 9 = 5*o, -j*g + t*o + 15 = -8. What is the units digit of g?
7
Let n(o) = -43*o - 2. What is the tens digit of n(-1)?
4
What is the units digit of 4/(-1) + -164*2/(-8)?
7
Let d be ((-3)/9)/(2/(-6)). Suppose 0 = -3*r + d + 11. Suppose 2*u - r = u. What is the units digit of u?
4
Let w(s) = -s**2 - 20*s - 15. What is the units digit of w(-14)?
9
Let w(a) be the second derivative of a**3/3 - a. Let n be w(1). Suppose 0 = -3*m - h + 28, -n*m + 12 = h + 3*h. What is the tens digit of m?
1
Let z(j) = 8*j**2 + j - 1. What is the tens digit of z(-2)?
2
Suppose -5*r - 105 = -2*y, 4*r + 114 + 123 = 5*y. What is the tens digit of y?
4
Let l(z) = z**3 + 16*z**2 + 15*z - 5. What is the tens digit of l(-14)?
7
Let s = 23 - -43. What is the tens digit of s?
6
Let l(a) = 3*a**2 + 8*a + 5. What is the units digit of l(-4)?
1
Let g = -3 + 5. What is the units digit of (-1)/(((-3)/g)/3)?
2
Suppose -157 = -4*t + 127. What is the tens digit of t?
7
Let y(h) = -h - 2. Let s be (3 + -3)/((-1)/1). Let t be y(s). What is the units digit of t/(-9) + (-34)/(-9)?
4
Suppose -c + 57 = -3*g + 6, -3*c - 5*g + 167 = 0. What is the tens digit of c?
5
Let z = -9 - -13. Suppose -y = 4*m + 1, 0 = -m - z*y + y - 3. Suppose m = l + a - 2, -1 - 3 = -l + a. What is the units digit of l?
3
Let m be (-2)/(-3)*9/6. Suppose 5*g = m + 104. What is the tens digit of g?
2
Let d(t) be the first derivative of 2*t**3/3 - 5*t**2/2 - 2. What is the units digit of d(4)?
2
Let t be -2 + 0 + (1 - -6). Suppose 0 = m + 2*c - t*c - 8, 32 = 4*m + 5*c. What is the units digit of 9/(6/m + 0)?
2
Let s = 10 + 11. What is the units digit of (2 - 1 - 2) + s?
0
Let j(y) = -y**2 - 3*y + 4. Let t(l) = -l**3 - 7*l**2 - 6*l - 5. Let b be t(-6). Let k be j(b). What is the tens digit of -2*33/k - 1?
1
Let k = -12 - -31. Suppose 3*z + 26 = 4*p, -5*p = 3*z - 0*z - k. What is the units digit of p?
5
Let u be (-279)/(-12) - 3/12. What is the units digit of u/4 - 2/(-8)?
6
Let j be (4/(-2) - -5)/1. Suppose -6 = 4*b - 3*b + 3*o, -j*o - 24 = -5*b. Suppose 0 = -v + b. What is the units digit of v?
3
Suppose -7*z = -4*z. Suppose 2*h - 6*h + 36 = 0. Suppose z = -2*r + 1 + h. What is the units digit of r?
5
Let r(k) = k**2 + k - 1. Let a be r(-3). Suppose -u - 3 = -a. What is the units digit of 10*(-1)/(-2) + u?
7
What is the units digit of -4 - -1*(-29)/(-1)?
5
Let c(p) = 3*p - 5. Let r = -7 + -1. Let a = r + 12. What is the units digit of c(a)?
7
Let t = 0 - -14. Suppose 3*z - 10 = z. Suppose -z*c + t = -6. What is the units digit of c?
4
Suppose -3*z + 5*o - 74 = 0, 2*z - 30 = 3*z + o. Let k be (-344)/z - (-4)/(-14). Suppose 3*i + k = 5*i. What is the units digit of i?
6
Let t = 2 + 3. Suppose -1 = -t*l + s + 11, 5*l - 3 = 4*s. What is the units digit of l?
3
Suppose 4*a = 16, -3*f = 5*a - 2*a - 600. What is the tens digit of f?
9
Let k(v) = -140*v - 16. What is the hundreds digit of k(-2)?
2
Let m = -11 + 14. What is the units digit of (m + 0 - 1) + 9?
1
Let u(p) = -p - 2. Let l = -9 - -5. Let a be u(l). What is the units digit of 2/4 + 3/a?
2
What is the units digit of 2/(-1 + -1)*(4 + -182)?
8
Let l = 216 - 78. What is the hundreds digit of l?
1
What is the units digit of 1/(6/576) + (-3)/1?
3
Let u = -3 + 4. Suppose -u = -4*x - 29. Let y(v) = -2*v - 8. What is the units digit of y(x)?
6
Let j = 2 - -43. What is the units digit of j?
5
Suppose 0 = -5*u - r + 2, -5 = -2*u - 3*r + 4*r. Suppose -u - 5 = -3*d. What is the units digit of 9*d*(-3)/(-18)?
3
Let c = -80 + 91. What is the units digit of c?
1
Let k(t) = t + 1. Let x be k(-1). Let b = 7 + -5. Suppose x = -b*m - 2*m - v + 33, 0 = -m - 5*v + 32. What is the units digit of m?
7
Let u(h) = h**2 - h + 2. Suppose 25 = 5*n + 2*l, -n - 3*l + 18 = -0*l. Suppose w - 12 = -n*w. What is the units